{"id":10810,"date":"2022-08-07T17:53:25","date_gmt":"2022-08-07T15:53:25","guid":{"rendered":"https:\/\/jeremiasnussbaum.com\/wp-content\/uploads\/2022\/08\/1005467-Louis_XVI_sur_lechafaud.jpg"},"modified":"2022-08-07T17:55:13","modified_gmt":"2022-08-07T15:55:13","slug":"1005467-louis_xvi_sur_lechafaud-2","status":"inherit","type":"attachment","link":"https:\/\/jeremiasnussbaum.com\/en\/1005467-louis_xvi_sur_lechafaud-2","title":{"rendered":"1005467-Louis_XVI_sur_l\u00e9chafaud"},"author":17,"featured_media":0,"comment_status":"open","ping_status":"closed","template":"","meta":{"_monsterinsights_skip_tracking":false,"_monsterinsights_sitenote_active":false,"_monsterinsights_sitenote_note":"","_monsterinsights_sitenote_category":0},"class_list":["post-10810","attachment","type-attachment","status-inherit","hentry"],"aioseo_notices":[],"smush":"Not processed","description":{"rendered":"<p class=\"attachment\"><a href='https:\/\/jeremiasnussbaum.com\/wp-content\/uploads\/2022\/08\/1005467-Louis_XVI_sur_lechafaud.jpg'><img decoding=\"async\" width=\"306\" height=\"372\" data-src=\"https:\/\/jeremiasnussbaum.com\/wp-content\/uploads\/2022\/08\/1005467-Louis_XVI_sur_lechafaud-306x372.jpg\" class=\"attachment-medium size-medium lazyload\" alt=\"Louis XVI pronon\u00e7ant ses derni\u00e8res paroles sur l&#039;\u00e9chafaud\" data-srcset=\"https:\/\/jeremiasnussbaum.com\/wp-content\/uploads\/2022\/08\/1005467-Louis_XVI_sur_lechafaud-306x372.jpg 306w, https:\/\/jeremiasnussbaum.com\/wp-content\/uploads\/2022\/08\/1005467-Louis_XVI_sur_lechafaud.jpg 329w\" data-sizes=\"100vw\" src=\"data:image\/svg+xml;base64,PHN2ZyB3aWR0aD0iMSIgaGVpZ2h0PSIxIiB4bWxucz0iaHR0cDovL3d3dy53My5vcmcvMjAwMC9zdmciPjwvc3ZnPg==\" style=\"--smush-placeholder-width: 306px; --smush-placeholder-aspect-ratio: 306\/372;\" \/><\/a><\/p>\n"},"caption":{"rendered":"<p>XVI, Louis : &#8220;Peuple, je meurs innocent !&#8221; Limpide, court et efficace. Aucune ambigu\u00eft\u00e9 dans la phrase, l&#8217;audience est bien d\u00e9finie. 5\/5<\/p>\n"},"alt_text":"Louis XVI pronon\u00e7ant ses derni\u00e8res paroles sur l'\u00e9chafaud","media_type":"image","mime_type":"image\/jpeg","media_details":{"width":329,"height":400,"file":"2022\/08\/1005467-Louis_XVI_sur_lechafaud.jpg","filesize":37756,"sizes":{"medium":{"file":"1005467-Louis_XVI_sur_lechafaud-306x372.jpg","width":306,"height":372,"filesize":36844,"mime_type":"image\/jpeg","source_url":"https:\/\/jeremiasnussbaum.com\/wp-content\/uploads\/2022\/08\/1005467-Louis_XVI_sur_lechafaud-306x372.jpg"},"thumbnail":{"file":"1005467-Louis_XVI_sur_lechafaud-88x88.jpg","width":88,"height":88,"filesize":3166,"mime_type":"image\/jpeg","source_url":"https:\/\/jeremiasnussbaum.com\/wp-content\/uploads\/2022\/08\/1005467-Louis_XVI_sur_lechafaud-88x88.jpg"},"twentyseventeen-thumbnail-avatar":{"file":"1005467-Louis_XVI_sur_lechafaud-100x100.jpg","width":100,"height":100,"filesize":4075,"mime_type":"image\/jpeg","source_url":"https:\/\/jeremiasnussbaum.com\/wp-content\/uploads\/2022\/08\/1005467-Louis_XVI_sur_lechafaud-100x100.jpg"},"full":{"file":"1005467-Louis_XVI_sur_lechafaud.jpg","width":329,"height":400,"mime_type":"image\/jpeg","source_url":"https:\/\/jeremiasnussbaum.com\/wp-content\/uploads\/2022\/08\/1005467-Louis_XVI_sur_lechafaud.jpg"}},"image_meta":{"aperture":"0","credit":"","camera":"","caption":"","created_timestamp":"0","copyright":"","focal_length":"0","iso":"0","shutter_speed":"0","title":"","orientation":"0","keywords":[]}},"post":null,"source_url":"https:\/\/jeremiasnussbaum.com\/wp-content\/uploads\/2022\/08\/1005467-Louis_XVI_sur_lechafaud.jpg","_links":{"self":[{"href":"https:\/\/jeremiasnussbaum.com\/en\/wp-json\/wp\/v2\/media\/10810","targetHints":{"allow":["GET"]}}],"collection":[{"href":"https:\/\/jeremiasnussbaum.com\/en\/wp-json\/wp\/v2\/media"}],"about":[{"href":"https:\/\/jeremiasnussbaum.com\/en\/wp-json\/wp\/v2\/types\/attachment"}],"author":[{"embeddable":true,"href":"https:\/\/jeremiasnussbaum.com\/en\/wp-json\/wp\/v2\/users\/17"}],"replies":[{"embeddable":true,"href":"https:\/\/jeremiasnussbaum.com\/en\/wp-json\/wp\/v2\/comments?post=10810"}]}}

1005467-Louis_XVI_sur_léchafaud

<p class="attachment"><a href='https://jeremiasnussbaum.com/wp-content/uploads/2022/08/1005467-Louis_XVI_sur_lechafaud.jpg'><img decoding="async" width="306" height="372" data-src="https://jeremiasnussbaum.com/wp-content/uploads/2022/08/1005467-Louis_XVI_sur_lechafaud-306x372.jpg" class="attachment-medium size-medium lazyload" alt="Louis XVI prononçant ses dernières paroles sur l&#039;échafaud" data-srcset="https://jeremiasnussbaum.com/wp-content/uploads/2022/08/1005467-Louis_XVI_sur_lechafaud-306x372.jpg 306w, https://jeremiasnussbaum.com/wp-content/uploads/2022/08/1005467-Louis_XVI_sur_lechafaud.jpg 329w" data-sizes="100vw" src="data:image/svg+xml;base64,PHN2ZyB3aWR0aD0iMSIgaGVpZ2h0PSIxIiB4bWxucz0iaHR0cDovL3d3dy53My5vcmcvMjAwMC9zdmciPjwvc3ZnPg==" style="--smush-placeholder-width: 306px; --smush-placeholder-aspect-ratio: 306/372;" /></a></p>

<p>XVI, Louis : &#8220;Peuple, je meurs innocent !&#8221; Limpide, court et efficace. Aucune ambiguïté dans la phrase, l&#8217;audience est bien définie. 5/5</p>

Louis XVI prononçant ses dernières paroles sur l'échafaud
