{"id":1111,"date":"2010-08-17T15:24:03","date_gmt":"2010-08-17T15:24:03","guid":{"rendered":"http:\/\/jeremiasnussbaum.com\/wp-content\/uploads\/2010\/08\/arche_de_babel_trio.jpg"},"modified":"2010-08-17T15:24:03","modified_gmt":"2010-08-17T15:24:03","slug":"arche_de_babel_trio-2","status":"inherit","type":"attachment","link":"https:\/\/jeremiasnussbaum.com\/en\/438\/larche-de-babel-2.html\/arche_de_babel_trio-2","title":{"rendered":"Le trio luxembourgeois (L&#8217;Arche de Babel)"},"author":17,"featured_media":0,"comment_status":"open","ping_status":"open","template":"","meta":{"_monsterinsights_skip_tracking":false,"_monsterinsights_sitenote_active":false,"_monsterinsights_sitenote_note":"","_monsterinsights_sitenote_category":0},"class_list":["post-1111","attachment","type-attachment","status-inherit","hentry"],"aioseo_notices":[],"smush":{"stats":{"percent":21.71,"bytes":58744,"size_before":270566,"size_after":211822,"time":0.47,"api_version":"1.0","lossy":1,"keep_exif":0},"sizes":{"thumbnail":{"time":0.06,"bytes":921,"percent":21.02,"size_before":4381,"size_after":3460},"medium":{"time":0.01,"bytes":4986,"percent":21.49,"size_before":23201,"size_after":18215},"large":{"time":0.04,"bytes":15946,"percent":21.63,"size_before":73729,"size_after":57783},"slide-image":{"time":0.2,"bytes":15906,"percent":21.96,"size_before":72423,"size_after":56517},"home-image":{"time":0.09,"bytes":8475,"percent":21.6,"size_before":39233,"size_after":30758},"blog-image":{"time":0.07,"bytes":12510,"percent":21.72,"size_before":57599,"size_after":45089}}},"description":{"rendered":"<p class=\"attachment\"><a href='https:\/\/jeremiasnussbaum.com\/wp-content\/uploads\/2010\/08\/arche_de_babel_trio.jpg'><img decoding=\"async\" width=\"306\" height=\"203\" data-src=\"https:\/\/jeremiasnussbaum.com\/wp-content\/uploads\/2010\/08\/arche_de_babel_trio-306x203.jpg\" class=\"attachment-medium size-medium lazyload\" alt=\"\" data-srcset=\"https:\/\/jeremiasnussbaum.com\/wp-content\/uploads\/2010\/08\/arche_de_babel_trio-306x203.jpg 306w, https:\/\/jeremiasnussbaum.com\/wp-content\/uploads\/2010\/08\/arche_de_babel_trio-615x410.jpg 615w, https:\/\/jeremiasnussbaum.com\/wp-content\/uploads\/2010\/08\/arche_de_babel_trio.jpg 800w\" data-sizes=\"100vw\" src=\"data:image\/svg+xml;base64,PHN2ZyB3aWR0aD0iMSIgaGVpZ2h0PSIxIiB4bWxucz0iaHR0cDovL3d3dy53My5vcmcvMjAwMC9zdmciPjwvc3ZnPg==\" style=\"--smush-placeholder-width: 306px; --smush-placeholder-aspect-ratio: 306\/203;\" \/><\/a><\/p>\n<p>Le banquier juif (F\u00e9odor Atkine), sa jeune femme (Marie Kremer) et le fr\u00e8re nazi (Jeremias Nussbaum) de cette derni\u00e8re en fuite dans les alpes.<\/p>\n"},"caption":{"rendered":"<p>photo: Philippe Carrese<\/p>\n"},"alt_text":"","media_type":"image","mime_type":"image\/jpeg","media_details":{"width":800,"height":533,"file":"2010\/08\/arche_de_babel_trio.jpg","sizes":{"thumbnail":{"file":"arche_de_babel_trio-88x88.jpg","width":88,"height":88,"filesize":0,"mime_type":"image\/jpeg","source_url":"https:\/\/jeremiasnussbaum.com\/wp-content\/uploads\/2010\/08\/arche_de_babel_trio-88x88.jpg"},"medium":{"file":"arche_de_babel_trio-306x203.jpg","width":306,"height":203,"filesize":0,"mime_type":"image\/jpeg","source_url":"https:\/\/jeremiasnussbaum.com\/wp-content\/uploads\/2010\/08\/arche_de_babel_trio-306x203.jpg"},"large":{"file":"arche_de_babel_trio-615x410.jpg","width":615,"height":410,"filesize":0,"mime_type":"image\/jpeg","source_url":"https:\/\/jeremiasnussbaum.com\/wp-content\/uploads\/2010\/08\/arche_de_babel_trio-615x410.jpg"},"slide-image":{"file":"arche_de_babel_trio-800x282.jpg","width":800,"height":282,"filesize":0,"mime_type":"image\/jpeg","source_url":"https:\/\/jeremiasnussbaum.com\/wp-content\/uploads\/2010\/08\/arche_de_babel_trio-800x282.jpg"},"home-image":{"file":"arche_de_babel_trio-306x410.jpg","width":306,"height":410,"filesize":0,"mime_type":"image\/jpeg","source_url":"https:\/\/jeremiasnussbaum.com\/wp-content\/uploads\/2010\/08\/arche_de_babel_trio-306x410.jpg"},"blog-image":{"file":"arche_de_babel_trio-680x280.jpg","width":680,"height":280,"filesize":0,"mime_type":"image\/jpeg","source_url":"https:\/\/jeremiasnussbaum.com\/wp-content\/uploads\/2010\/08\/arche_de_babel_trio-680x280.jpg"},"full":{"file":"arche_de_babel_trio.jpg","width":800,"height":533,"mime_type":"image\/jpeg","source_url":"https:\/\/jeremiasnussbaum.com\/wp-content\/uploads\/2010\/08\/arche_de_babel_trio.jpg"}},"image_meta":{"aperture":0,"credit":"","camera":"","caption":"","created_timestamp":0,"copyright":"","focal_length":0,"iso":0,"shutter_speed":0,"title":""},"filesize":83284},"post":438,"source_url":"https:\/\/jeremiasnussbaum.com\/wp-content\/uploads\/2010\/08\/arche_de_babel_trio.jpg","_links":{"self":[{"href":"https:\/\/jeremiasnussbaum.com\/en\/wp-json\/wp\/v2\/media\/1111","targetHints":{"allow":["GET"]}}],"collection":[{"href":"https:\/\/jeremiasnussbaum.com\/en\/wp-json\/wp\/v2\/media"}],"about":[{"href":"https:\/\/jeremiasnussbaum.com\/en\/wp-json\/wp\/v2\/types\/attachment"}],"author":[{"embeddable":true,"href":"https:\/\/jeremiasnussbaum.com\/en\/wp-json\/wp\/v2\/users\/17"}],"replies":[{"embeddable":true,"href":"https:\/\/jeremiasnussbaum.com\/en\/wp-json\/wp\/v2\/comments?post=1111"}],"wp:attached-to":[{"embeddable":true,"post_type":"post","id":438,"href":"https:\/\/jeremiasnussbaum.com\/en\/wp-json\/wp\/v2\/posts\/438"}],"curies":[{"name":"wp","href":"https:\/\/api.w.org\/{rel}","templated":true}]}}

<p class="attachment"><a href='https://jeremiasnussbaum.com/wp-content/uploads/2010/08/arche_de_babel_trio.jpg'><img decoding="async" width="306" height="203" data-src="https://jeremiasnussbaum.com/wp-content/uploads/2010/08/arche_de_babel_trio-306x203.jpg" class="attachment-medium size-medium lazyload" alt="" data-srcset="https://jeremiasnussbaum.com/wp-content/uploads/2010/08/arche_de_babel_trio-306x203.jpg 306w, https://jeremiasnussbaum.com/wp-content/uploads/2010/08/arche_de_babel_trio-615x410.jpg 615w, https://jeremiasnussbaum.com/wp-content/uploads/2010/08/arche_de_babel_trio.jpg 800w" data-sizes="100vw" src="data:image/svg+xml;base64,PHN2ZyB3aWR0aD0iMSIgaGVpZ2h0PSIxIiB4bWxucz0iaHR0cDovL3d3dy53My5vcmcvMjAwMC9zdmciPjwvc3ZnPg==" style="--smush-placeholder-width: 306px; --smush-placeholder-aspect-ratio: 306/203;" /></a></p>
<p>Le banquier juif (Féodor Atkine), sa jeune femme (Marie Kremer) et le frère nazi (Jeremias Nussbaum) de cette dernière en fuite dans les alpes.</p>
